--------- beginning of /dev/log/system --------- beginning of /dev/log/main
11-23 22:46:40.447 D/dalvikvm( 843): GC_FOR_ALLOC freed 596K, 15% free 4914K/5744K, paused 18ms, total 18ms
11-23 22:46:44.727 D/dalvikvm( 843): GC_CONCURRENT freed 639K, 15% free 4914K/5744K, paused 1ms+1ms, total 27ms
11-23 22:46:46.897 I/eib.ModbusDev( 1033): ModbusDev[ '1CPU' ]: Cannot get ModBus Channel: failed to connect to /192.168.1.106 (port 1502): connect failed: ETIMEDOUT (Connection timed out)
11-23 22:46:48.647 I/eib.ModbusDev( 1033): ModbusDev[ 'outpu' ]: Cannot get ModBus Channel: Channel Factory is null!
11-23 22:46:48.647 I/eib.ModbusDev( 1033): ModbusDev[ 'gggg' ]: Cannot get ModBus Channel: Channel Factory is null!
11-23 22:46:48.647 I/eib.ModbusDev( 1033): ModbusDev[ 'ABB_meter' ]: Cannot get ModBus Channel: Channel Factory is null!
11-23 22:46:48.647 I/eib.ModbusDev( 1033): ModbusDev[ 'Gree' ]: Cannot get ModBus Channel: Channel Factory is null!
11-23 22:46:48.647 I/eib.ModbusDev( 1033): ModbusDev[ 'Light_box' ]: Cannot get ModBus Channel: failed to connect to /127.0.0.1 (port 1502): connect failed: ECONNREFUSED (Connection refused)
11-23 22:46:50.507 D/dalvikvm( 843): GC_FOR_ALLOC freed 564K, 15% free 4923K/5744K, paused 18ms, total 18ms
11-23 22:46:55.548 D/dalvikvm( 843): GC_FOR_ALLOC freed 559K, 15% free 4915K/5744K, paused 18ms, total 18ms
11-23 22:46:58.648 I/eib.ModbusDev( 1033): ModbusDev[ 'outpu' ]: Cannot get ModBus Channel: Channel Factory is null!
11-23 22:46:58.648 I/eib.ModbusDev( 1033): ModbusDev[ 'gggg' ]: Cannot get ModBus Channel: Channel Factory is null!
11-23 22:46:58.648 I/eib.ModbusDev( 1033): ModbusDev[ 'ABB_meter' ]: Cannot get ModBus Channel: Channel Factory is null!
11-23 22:46:58.658 I/eib.ModbusDev( 1033): ModbusDev[ 'Gree' ]: Cannot get ModBus Channel: Channel Factory is null!
11-23 22:46:58.658 I/eib.ModbusDev( 1033): ModbusDev[ 'Light_box' ]: Cannot get ModBus Channel: failed to connect to /127.0.0.1 (port 1502): connect failed: ECONNREFUSED (Connection refused)
11-23 22:46:59.588 D/dalvikvm( 843): GC_CONCURRENT freed 682K, 15% free 4921K/5744K, paused 2ms+1ms, total 22ms
11-23 22:47:04.618 D/dalvikvm( 843): GC_FOR_ALLOC freed 540K, 15% free 4923K/5732K, paused 18ms, total 18ms
11-23 22:47:08.658 I/eib.ModbusDev( 1033): ModbusDev[ 'outpu' ]: Cannot get ModBus Channel: Channel Factory is null!
11-23 22:47:08.658 I/eib.ModbusDev( 1033): ModbusDev[ 'gggg' ]: Cannot get ModBus Channel: Channel Factory is null!
11-23 22:47:08.658 I/eib.ModbusDev( 1033): ModbusDev[ 'ABB_meter' ]: Cannot get ModBus Channel: Channel Factory is null!
11-23 22:47:08.658 I/eib.ModbusDev( 1033): ModbusDev[ 'Gree' ]: Cannot get ModBus Channel: Channel Factory is null!
11-23 22:47:08.658 I/eib.ModbusDev( 1033): ModbusDev[ 'Light_box' ]: Cannot get ModBus Channel: failed to connect to /127.0.0.1 (port 1502): connect failed: ECONNREFUSED (Connection refused)
11-23 22:47:08.658 D/dalvikvm( 843): GC_CONCURRENT freed 589K, 14% free 4937K/5732K, paused 1ms+1ms, total 23ms
11-23 22:47:13.678 D/dalvikvm( 843): GC_FOR_ALLOC freed 555K, 15% free 4923K/5744K, paused 18ms, total 18ms
11-23 22:47:17.739 D/dalvikvm( 843): GC_CONCURRENT freed 613K, 15% free 4913K/5740K, paused 1ms+1ms, total 21ms
11-23 22:47:18.659 I/eib.ModbusDev( 1033): ModbusDev[ 'outpu' ]: Cannot get ModBus Channel: Channel Factory is null!
11-23 22:47:18.659 I/eib.ModbusDev( 1033): ModbusDev[ 'gggg' ]: Cannot get ModBus Channel: Channel Factory is null!
11-23 22:47:18.659 I/eib.ModbusDev( 1033): ModbusDev[ 'ABB_meter' ]: Cannot get ModBus Channel: Channel Factory is null!
11-23 22:47:18.659 I/eib.ModbusDev( 1033): ModbusDev[ 'Gree' ]: Cannot get ModBus Channel: Channel Factory is null!
11-23 22:47:18.659 I/eib.ModbusDev( 1033): ModbusDev[ 'Light_box' ]: Cannot get ModBus Channel: failed to connect to /127.0.0.1 (port 1502): connect failed: ECONNREFUSED (Connection refused)
11-23 22:47:23.749 D/dalvikvm( 843): GC_FOR_ALLOC freed 563K, 15% free 4915K/5732K, paused 19ms, total 19ms
11-23 22:47:28.659 I/eib.ModbusDev( 1033): ModbusDev[ 'outpu' ]: Cannot get ModBus Channel: Channel Factory is null!
11-23 22:47:28.659 I/eib.ModbusDev( 1033): ModbusDev[ 'gggg' ]: Cannot get ModBus Channel: Channel Factory is null!
11-23 22:47:28.669 I/eib.ModbusDev( 1033): ModbusDev[ 'ABB_meter' ]: Cannot get ModBus Channel: Channel Factory is null!
11-23 22:47:28.669 I/eib.ModbusDev( 1033): ModbusDev[ 'Gree' ]: Cannot get ModBus Channel: Channel Factory is null!
11-23 22:47:28.669 I/eib.ModbusDev( 1033): ModbusDev[ 'Light_box' ]: Cannot get ModBus Channel: failed to connect to /127.0.0.1 (port 1502): connect failed: ECONNREFUSED (Connection refused)
11-23 22:47:28.739 D/dalvikvm( 843): GC_CONCURRENT freed 643K, 15% free 4915K/5732K, paused 2ms+2ms, total 23ms
11-23 22:47:29.359 W/libc (19626): void endpwent()(3) is not implemented on Android
11-23 22:47:29.669 D/KnxCtlCon( 1033): KNX.onReceiveRaw( 00 08 00 05 01 01 00 00 4b 01 00 60 12 )
11-23 22:47:29.669 D/KnxCtlCon( 1033): KNX.onSendRaw( 00 08 00 04 01 01 00 00 4c 01 00 60 )
11-23 22:47:32.819 D/dalvikvm( 843): GC_CONCURRENT freed 599K, 15% free 4922K/5732K, paused 2ms+1ms, total 21ms
11-23 22:47:37.840 D/dalvikvm( 843): GC_FOR_ALLOC freed 540K, 15% free 4923K/5728K, paused 18ms, total 18ms
11-23 22:47:38.670 I/eib.ModbusDev( 1033): ModbusDev[ 'outpu' ]: Cannot get ModBus Channel: Channel Factory is null!
11-23 22:47:38.670 I/eib.ModbusDev( 1033): ModbusDev[ 'gggg' ]: Cannot get ModBus Channel: Channel Factory is null!
11-23 22:47:38.670 I/eib.ModbusDev( 1033): ModbusDev[ 'ABB_meter' ]: Cannot get ModBus Channel: Channel Factory is null!
11-23 22:47:38.670 I/eib.ModbusDev( 1033): ModbusDev[ 'Gree' ]: Cannot get ModBus Channel: Channel Factory is null!
11-23 22:47:38.670 I/eib.ModbusDev( 1033): ModbusDev[ 'Light_box' ]: Cannot get ModBus Channel: failed to connect to /127.0.0.1 (port 1502): connect failed: ECONNREFUSED (Connection refused)
11-23 22:47:41.880 D/dalvikvm( 843): GC_CONCURRENT freed 590K, 14% free 4937K/5728K, paused 2ms+1ms, total 21ms
11-23 22:47:46.910 D/dalvikvm( 843): GC_FOR_ALLOC freed 555K, 15% free 4915K/5736K, paused 18ms, total 18ms
11-23 22:47:48.670 I/eib.ModbusDev( 1033): ModbusDev[ 'outpu' ]: Cannot get ModBus Channel: Channel Factory is null!
11-23 22:47:48.670 I/eib.ModbusDev( 1033): ModbusDev[ 'gggg' ]: Cannot get ModBus Channel: Channel Factory is null!
11-23 22:47:48.670 I/eib.Project( 1033): Idle Cnt=28000 Time=5s Avg=0ms/call
11-23 22:47:48.670 I/eib.ModbusDev( 1033): ModbusDev[ 'ABB_meter' ]: Cannot get ModBus Channel: Channel Factory is null!
11-23 22:47:48.670 I/eib.ModbusDev( 1033): ModbusDev[ 'Gree' ]: Cannot get ModBus Channel: Channel Factory is null!
11-23 22:47:48.670 I/eib.ModbusDev( 1033): ModbusDev[ 'Light_box' ]: Cannot get ModBus Channel: failed to connect to /127.0.0.1 (port 1502): connect failed: ECONNREFUSED (Connection refused)
11-23 22:47:50.950 D/dalvikvm( 843): GC_CONCURRENT freed 613K, 15% free 4913K/5736K, paused 1ms+2ms, total 21ms
11-23 22:47:56.980 D/dalvikvm( 843): GC_FOR_ALLOC freed 564K, 15% free 4915K/5736K, paused 18ms, total 18ms
11-23 22:47:58.680 I/eib.ModbusDev( 1033): ModbusDev[ 'outpu' ]: Cannot get ModBus Channel: Channel Factory is null!
11-23 22:47:58.680 I/eib.ModbusDev( 1033): ModbusDev[ 'gggg' ]: Cannot get ModBus Channel: Channel Factory is null!
11-23 22:47:58.680 I/eib.ModbusDev( 1033): ModbusDev[ 'ABB_meter' ]: Cannot get ModBus Channel: Channel Factory is null!
11-23 22:47:58.680 I/eib.ModbusDev( 1033): ModbusDev[ 'Gree' ]: Cannot get ModBus Channel: Channel Factory is null!
11-23 22:47:58.680 I/eib.ModbusDev( 1033): ModbusDev[ 'Light_box' ]: Cannot get ModBus Channel: failed to connect to /127.0.0.1 (port 1502): connect failed: ECONNREFUSED (Connection refused)
11-23 22:48:01.741 D/dalvikvm( 843): GC_CONCURRENT freed 643K, 15% free 4914K/5736K, paused 2ms+2ms, total 22ms
11-23 22:48:06.041 D/dalvikvm( 843): GC_CONCURRENT freed 599K, 15% free 4922K/5736K, paused 2ms+1ms, total 21ms
11-23 22:48:07.201 W/libc (19643): void endpwent()(3) is not implemented on Android
11-23 22:48:08.681 I/eib.ModbusDev( 1033): ModbusDev[ 'outpu' ]: Cannot get ModBus Channel: Channel Factory is null!
11-23 22:48:08.681 I/eib.ModbusDev( 1033): ModbusDev[ 'gggg' ]: Cannot get ModBus Channel: Channel Factory is null!
11-23 22:48:08.681 I/eib.ModbusDev( 1033): ModbusDev[ 'ABB_meter' ]: Cannot get ModBus Channel: Channel Factory is null!
11-23 22:48:08.681 I/eib.ModbusDev( 1033): ModbusDev[ 'Gree' ]: Cannot get ModBus Channel: Channel Factory is null!
11-23 22:48:08.681 I/eib.ModbusDev( 1033): ModbusDev[ 'Light_box' ]: Cannot get ModBus Channel: failed to connect to /127.0.0.1 (port 1502): connect failed: ECONNREFUSED (Connection refused)
11-23 22:48:11.071 D/dalvikvm( 843): GC_FOR_ALLOC freed 540K, 15% free 4923K/5728K, paused 18ms, total 18ms
11-23 22:48:15.111 D/dalvikvm( 843): GC_CONCURRENT freed 589K, 14% free 4937K/5728K, paused 2ms+1ms, total 22ms
11-23 22:48:18.681 I/eib.ModbusDev( 1033): ModbusDev[ 'outpu' ]: Cannot get ModBus Channel: Channel Factory is null!
11-23 22:48:18.681 I/eib.ModbusDev( 1033): ModbusDev[ 'gggg' ]: Cannot get ModBus Channel: Channel Factory is null!
11-23 22:48:18.681 I/eib.ModbusDev( 1033): ModbusDev[ 'ABB_meter' ]: Cannot get ModBus Channel: Channel Factory is null!
11-23 22:48:18.681 I/eib.ModbusDev( 1033): ModbusDev[ 'Gree' ]: Cannot get ModBus Channel: Channel Factory is null!
11-23 22:48:18.681 I/eib.ModbusDev( 1033): ModbusDev[ 'Light_box' ]: Cannot get ModBus Channel: failed to connect to /127.0.0.1 (port 1502): connect failed: ECONNREFUSED (Connection refused)
11-23 22:48:20.131 D/dalvikvm( 843): GC_FOR_ALLOC freed 529K, 15% free 4922K/5728K, paused 18ms, total 18ms
11-23 22:48:24.182 D/dalvikvm( 843): GC_CONCURRENT freed 640K, 15% free 4913K/5716K, paused 2ms+1ms, total 22ms
11-23 22:48:28.692 I/eib.ModbusDev( 1033): ModbusDev[ 'outpu' ]: Cannot get ModBus Channel: Channel Factory is null!
11-23 22:48:28.692 I/eib.ModbusDev( 1033): ModbusDev[ 'gggg' ]: Cannot get ModBus Channel: Channel Factory is null!
11-23 22:48:28.692 I/eib.ModbusDev( 1033): ModbusDev[ 'Gree' ]: Cannot get ModBus Channel: Channel Factory is null!
11-23 22:48:28.692 I/eib.ModbusDev( 1033): ModbusDev[ 'ABB_meter' ]: Cannot get ModBus Channel: Channel Factory is null!
11-23 22:48:28.692 I/eib.ModbusDev( 1033): ModbusDev[ 'Light_box' ]: Cannot get ModBus Channel: failed to connect to /127.0.0.1 (port 1502): connect failed: ECONNREFUSED (Connection refused)
11-23 22:48:29.202 D/dalvikvm( 843): GC_FOR_ALLOC freed 505K, 14% free 4922K/5700K, paused 18ms, total 18ms
11-23 22:48:29.692 D/KnxCtlCon( 1033): KNX.onReceiveRaw( 00 08 00 05 01 01 00 00 4b 01 00 60 12 )
11-23 22:48:29.692 D/KnxCtlCon( 1033): KNX.onSendRaw( 00 08 00 04 01 01 00 00 4c 01 00 60 )
11-23 22:48:34.242 D/dalvikvm( 843): GC_FOR_ALLOC freed 531K, 15% free 4914K/5720K, paused 18ms, total 18ms
11-23 22:48:34.472 D/KnxCtlCon( 1033): KNX.onReceiveRaw( 00 08 00 09 01 01 00 00 49 bc 11 0c 12 07 e1 00 80 )
11-23 22:48:34.522 D/KnxCtlCon( 1033): KNX.onReceiveRaw( 00 08 00 0a 01 01 00 00 49 bc 11 0c 12 04 e2 00 80 00 )
11-23 22:48:34.532 D/dalvikvm( 1053): GC_CONCURRENT freed 392K, 14% free 3130K/3612K, paused 1ms+2ms, total 12ms
11-23 22:48:34.552 D/KnxCtlCon( 1033): KNX.onReceiveRaw( 00 08 00 09 01 01 00 00 49 bc 11 0c 12 08 e1 00 81 )
11-23 22:48:34.582 D/KnxCtlCon( 1033): KNX.onReceiveRaw( 00 08 00 09 01 01 00 00 49 bc 11 35 12 0b e1 00 80 )
11-23 22:48:34.602 D/KnxCtlCon( 1033): KNX.onReceiveRaw( 00 08 00 0a 01 01 00 00 49 bc 11 0c 12 06 e2 00 80 00 )
11-23 22:48:35.372 D/KnxCtlCon( 1033): KNX.onReceiveRaw( 00 08 00 09 01 01 00 00 49 bc 11 0d 01 00 e1 00 81 )
11-23 22:48:35.462 D/KnxCtlCon( 1033): KNX.onReceiveRaw( 00 08 00 09 01 01 00 00 49 bc 11 34 09 00 e1 00 81 )
11-23 22:48:35.712 D/KnxCtlCon( 1033): KNX.onReceiveRaw( 00 08 00 09 01 01 00 00 49 bc 11 0d 01 01 e1 00 81 )
11-23 22:48:36.102 D/KnxCtlCon( 1033): KNX.onReceiveRaw( 00 08 00 09 01 01 00 00 49 bc 11 0d 01 00 e1 00 81 )
11-23 22:48:36.232 D/KnxCtlCon( 1033): KNX.onReceiveRaw( 00 08 00 0a 01 01 00 00 49 bc 11 35 12 05 e2 00 80 00 )
11-23 22:48:36.452 D/KnxCtlCon( 1033): KNX.onReceiveRaw( 00 08 00 09 01 01 00 00 49 bc 11 0d 01 00 e1 00 81 )
11-23 22:48:36.902 D/KnxCtlCon( 1033): KNX.onReceiveRaw( 00 08 00 09 01 01 00 00 49 bc 11 0d 01 01 e1 00 80 )
11-23 22:48:36.992 D/KnxCtlCon( 1033): KNX.onReceiveRaw( 00 08 00 09 01 01 00 00 49 bc 11 34 09 01 e1 00 80 )
11-23 22:48:37.462 D/KnxCtlCon( 1033): KNX.onReceiveRaw( 00 08 00 09 01 01 00 00 49 bc 11 0d 01 00 e1 00 80 )
11-23 22:48:37.552 D/KnxCtlCon( 1033): KNX.onReceiveRaw( 00 08 00 09 01 01 00 00 49 bc 11 34 09 00 e1 00 80 )
11-23 22:48:38.282 D/dalvikvm( 843): GC_CONCURRENT freed 675K, 14% free 4921K/5720K, paused 1ms+2ms, total 21ms
11-23 22:48:38.692 I/eib.ModbusDev( 1033): ModbusDev[ 'outpu' ]: Cannot get ModBus Channel: Channel Factory is null!
11-23 22:48:38.692 I/eib.ModbusDev( 1033): ModbusDev[ 'gggg' ]: Cannot get ModBus Channel: Channel Factory is null!
11-23 22:48:38.692 I/eib.ModbusDev( 1033): ModbusDev[ 'ABB_meter' ]: Cannot get ModBus Channel: Channel Factory is null!
11-23 22:48:38.692 I/eib.ModbusDev( 1033): ModbusDev[ 'Gree' ]: Cannot get ModBus Channel: Channel Factory is null!
11-23 22:48:38.692 I/eib.ModbusDev( 1033): ModbusDev[ 'Light_box' ]: Cannot get ModBus Channel: failed to connect to /127.0.0.1 (port 1502): connect failed: ECONNREFUSED (Connection refused)
11-23 22:48:43.312 D/dalvikvm( 843): GC_FOR_ALLOC freed 514K, 14% free 4922K/5708K, paused 18ms, total 19ms
11-23 22:48:45.342 D/KnxCtlCon( 1033): KNX.onReceiveRaw( 00 08 00 09 01 01 00 00 49 bc 11 15 07 0a e1 00 81 )
11-23 22:48:45.432 D/KnxCtlCon( 1033): KNX.onReceiveRaw( 00 08 00 09 01 01 00 00 49 bc 11 36 0f 03 e1 00 81 )
11-23 22:48:47.353 D/dalvikvm( 843): GC_CONCURRENT freed 637K, 14% free 4937K/5708K, paused 3ms+1ms, total 22ms
11-23 22:48:48.693 I/eib.ModbusDev( 1033): ModbusDev[ 'outpu' ]: Cannot get ModBus Channel: Channel Factory is null!
11-23 22:48:48.693 I/eib.ModbusDev( 1033): ModbusDev[ 'gggg' ]: Cannot get ModBus Channel: Channel Factory is null!
11-23 22:48:48.693 I/eib.ModbusDev( 1033): ModbusDev[ 'ABB_meter' ]: Cannot get ModBus Channel: Channel Factory is null!
11-23 22:48:48.693 I/eib.ModbusDev( 1033): ModbusDev[ 'Light_box' ]: Cannot get ModBus Channel: failed to connect to /127.0.0.1 (port 1502): connect failed: ECONNREFUSED (Connection refused)
11-23 22:48:48.693 I/eib.ModbusDev( 1033): ModbusDev[ 'Gree' ]: Cannot get ModBus Channel: Channel Factory is null!
11-23 22:48:52.383 D/dalvikvm( 843): GC_FOR_ALLOC freed 556K, 15% free 4923K/5744K, paused 18ms, total 18ms
11-23 22:48:52.823 W/libc (19670): void endpwent()(3) is not implemented on Android
11-23 22:48:57.423 D/dalvikvm( 843): GC_CONCURRENT freed 635K, 15% free 4939K/5744K, paused 1ms+2ms, total 21ms
11-23 22:48:57.423 D/dalvikvm( 843): WAIT_FOR_CONCURRENT_GC blocked 18ms
11-23 22:48:58.693 I/eib.ModbusDev( 1033): ModbusDev[ 'outpu' ]: Cannot get ModBus Channel: Channel Factory is null!
11-23 22:48:58.693 I/eib.ModbusDev( 1033): ModbusDev[ 'gggg' ]: Cannot get ModBus Channel: Channel Factory is null!
11-23 22:48:58.703 I/eib.ModbusDev( 1033): ModbusDev[ 'ABB_meter' ]: Cannot get ModBus Channel: Channel Factory is null!
11-23 22:48:58.703 I/eib.ModbusDev( 1033): ModbusDev[ 'Gree' ]: Cannot get ModBus Channel: Channel Factory is null!
11-23 22:48:58.703 I/eib.ModbusDev( 1033): ModbusDev[ 'Light_box' ]: Cannot get ModBus Channel: failed to connect to /127.0.0.1 (port 1502): connect failed: ECONNREFUSED (Connection refused)
11-23 22:49:02.473 D/dalvikvm( 843): GC_FOR_ALLOC freed 610K, 15% free 4923K/5744K, paused 19ms, total 19ms
11-23 22:49:03.863 I/eib.ModbusDev( 1033): ModbusDev[ '1CPU' ]: Cannot get ModBus Channel: failed to connect to /192.168.1.106 (port 1502): connect failed: ETIMEDOUT (Connection timed out)
11-23 22:49:07.503 D/dalvikvm( 843): GC_FOR_ALLOC freed 559K, 15% free 4915K/5744K, paused 18ms, total 18ms
11-23 22:49:08.703 I/eib.ModbusDev( 1033): ModbusDev[ 'outpu' ]: Cannot get ModBus Channel: Channel Factory is null!
11-23 22:49:08.703 I/eib.ModbusDev( 1033): ModbusDev[ 'gggg' ]: Cannot get ModBus Channel: Channel Factory is null!
11-23 22:49:08.703 I/eib.ModbusDev( 1033): ModbusDev[ 'ABB_meter' ]: Cannot get ModBus Channel: Channel Factory is null!
11-23 22:49:08.703 I/eib.ModbusDev( 1033): ModbusDev[ 'Gree' ]: Cannot get ModBus Channel: Channel Factory is null!
11-23 22:49:08.703 I/eib.ModbusDev( 1033): ModbusDev[ 'Light_box' ]: Cannot get ModBus Channel: failed to connect to /127.0.0.1 (port 1502): connect failed: ECONNREFUSED (Connection refused)
11-23 22:49:11.554 D/dalvikvm( 843): GC_CONCURRENT freed 628K, 15% free 4937K/5744K, paused 1ms+1ms, total 21ms
11-23 22:49:16.574 D/dalvikvm( 843): GC_FOR_ALLOC freed 555K, 15% free 4923K/5744K, paused 18ms, total 18ms
11-23 22:49:18.704 I/eib.ModbusDev( 1033): ModbusDev[ 'outpu' ]: Cannot get ModBus Channel: Channel Factory is null!
11-23 22:49:18.704 I/eib.ModbusDev( 1033): ModbusDev[ 'gggg' ]: Cannot get ModBus Channel: Channel Factory is null!
11-23 22:49:18.704 I/eib.ModbusDev( 1033): ModbusDev[ 'ABB_meter' ]: Cannot get ModBus Channel: Channel Factory is null!
11-23 22:49:18.704 I/eib.ModbusDev( 1033): ModbusDev[ 'Gree' ]: Cannot get ModBus Channel: Channel Factory is null!
11-23 22:49:18.704 I/eib.ModbusDev( 1033): ModbusDev[ 'Light_box' ]: Cannot get ModBus Channel: failed to connect to /127.0.0.1 (port 1502): connect failed: ECONNREFUSED (Connection refused)
11-23 22:49:19.354 D/KnxCtlCon( 1033): KNX.onReceiveRaw( 00 08 00 09 01 01 00 00 49 bc 11 15 07 0a e1 00 80 )
11-23 22:49:19.444 D/KnxCtlCon( 1033): KNX.onReceiveRaw( 00 08 00 09 01 01 00 00 49 bc 11 36 0f 03 e1 00 80 )
11-23 22:49:20.624 D/dalvikvm( 843): GC_CONCURRENT freed 603K, 15% free 4937K/5744K, paused 2ms+1ms, total 22ms
11-23 22:49:24.634 D/dalvikvm( 843): GC_CONCURRENT freed 624K, 14% free 4952K/5744K, paused 1ms+1ms, total 20ms
11-23 22:49:24.634 D/dalvikvm( 843): WAIT_FOR_CONCURRENT_GC blocked 18ms
11-23 22:49:27.244 D/KnxCtlCon( 1033): KNX.onReceiveRaw( 00 08 00 09 01 01 00 00 49 bc 11 15 07 0a e1 00 81 )
11-23 22:49:27.334 D/KnxCtlCon( 1033): KNX.onReceiveRaw( 00 08 00 09 01 01 00 00 49 bc 11 36 0f 03 e1 00 81 )
11-23 22:49:28.284 D/KnxCtlCon( 1033): KNX.onReceiveRaw( 00 08 00 0b 01 01 00 00 49 bc 11 0c 12 03 e3 00 80 0d 61 )
11-23 22:49:28.714 I/eib.ModbusDev( 1033): ModbusDev[ 'outpu' ]: Cannot get ModBus Channel: Channel Factory is null!
11-23 22:49:28.714 I/eib.ModbusDev( 1033): ModbusDev[ 'gggg' ]: Cannot get ModBus Channel: Channel Factory is null!
11-23 22:49:28.714 I/eib.ModbusDev( 1033): ModbusDev[ 'ABB_meter' ]: Cannot get ModBus Channel: Channel Factory is null!
11-23 22:49:28.714 I/eib.ModbusDev( 1033): ModbusDev[ 'Gree' ]: Cannot get ModBus Channel: Channel Factory is null!
11-23 22:49:28.714 I/eib.ModbusDev( 1033): ModbusDev[ 'Light_box' ]: Cannot get ModBus Channel: failed to connect to /127.0.0.1 (port 1502): connect failed: ECONNREFUSED (Connection refused)
11-23 22:49:29.674 D/dalvikvm( 843): GC_FOR_ALLOC freed 554K, 15% free 4929K/5752K, paused 18ms, total 18ms
11-23 22:49:29.714 D/KnxCtlCon( 1033): KNX.onReceiveRaw( 00 08 00 05 01 01 00 00 4b 01 00 60 12 )
11-23 22:49:29.714 D/KnxCtlCon( 1033): KNX.onSendRaw( 00 08 00 04 01 01 00 00 4c 01 00 60 )
11-23 22:49:33.715 D/dalvikvm( 843): GC_CONCURRENT freed 633K, 15% free 4944K/5752K, paused 1ms+1ms, total 21ms
11-23 22:49:38.715 I/eib.ModbusDev( 1033): ModbusDev[ 'outpu' ]: Cannot get ModBus Channel: Channel Factory is null!
11-23 22:49:38.715 I/eib.ModbusDev( 1033): ModbusDev[ 'gggg' ]: Cannot get ModBus Channel: Channel Factory is null!
11-23 22:49:38.715 I/eib.ModbusDev( 1033): ModbusDev[ 'ABB_meter' ]: Cannot get ModBus Channel: Channel Factory is null!
11-23 22:49:38.715 I/eib.ModbusDev( 1033): ModbusDev[ 'Gree' ]: Cannot get ModBus Channel: Channel Factory is null!
11-23 22:49:38.715 I/eib.ModbusDev( 1033): ModbusDev[ 'Light_box' ]: Cannot get ModBus Channel: failed to connect to /127.0.0.1 (port 1502): connect failed: ECONNREFUSED (Connection refused)
11-23 22:49:38.745 D/dalvikvm( 843): GC_FOR_ALLOC freed 555K, 15% free 4921K/5752K, paused 18ms, total 18ms
11-23 22:49:42.785 D/dalvikvm( 843): GC_CONCURRENT freed 603K, 15% free 4944K/5752K, paused 2ms+1ms, total 22ms
11-23 22:49:44.455 D/KnxCtlCon( 1033): KNX.onReceiveRaw( 00 08 00 09 01 01 00 00 49 bc 11 15 07 0a e1 00 80 )
11-23 22:49:44.545 D/KnxCtlCon( 1033): KNX.onReceiveRaw( 00 08 00 09 01 01 00 00 49 bc 11 36 0f 03 e1 00 80 )
11-23 22:49:45.675 D/KnxCtlCon( 1033): KNX.onReceiveRaw( 00 08 00 09 01 01 00 00 49 bc 11 16 03 00 e1 00 81 )
11-23 22:49:45.765 D/KnxCtlCon( 1033): KNX.onReceiveRaw( 00 08 00 09 01 01 00 00 49 bc 11 34 0a 00 e1 00 81 )
11-23 22:49:47.815 D/dalvikvm( 843): GC_FOR_ALLOC freed 555K, 15% free 4929K/5748K, paused 18ms, total 18ms
11-23 22:49:48.715 I/eib.ModbusDev( 1033): ModbusDev[ 'gggg' ]: Cannot get ModBus Channel: Channel Factory is null!
11-23 22:49:48.715 I/eib.ModbusDev( 1033): ModbusDev[ 'outpu' ]: Cannot get ModBus Channel: Channel Factory is null!
11-23 22:49:48.725 I/eib.ModbusDev( 1033): ModbusDev[ 'Gree' ]: Cannot get ModBus Channel: Channel Factory is null!
11-23 22:49:48.725 I/eib.ModbusDev( 1033): ModbusDev[ 'ABB_meter' ]: Cannot get ModBus Channel: Channel Factory is null!
11-23 22:49:48.725 I/eib.ModbusDev( 1033): ModbusDev[ 'Light_box' ]: Cannot get ModBus Channel: failed to connect to /127.0.0.1 (port 1502): connect failed: ECONNREFUSED (Connection refused)
11-23 22:49:52.855 D/dalvikvm( 843): GC_CONCURRENT freed 639K, 14% free 4954K/5748K, paused 1ms+1ms, total 20ms
11-23 22:49:52.855 D/dalvikvm( 843): WAIT_FOR_CONCURRENT_GC blocked 18ms
11-23 22:49:54.055 D/dalvikvm( 1053): GC_CONCURRENT freed 388K, 14% free 3128K/3612K, paused 1ms+1ms, total 11ms
11-23 22:49:57.896 D/dalvikvm( 843): GC_FOR_ALLOC freed 609K, 15% free 4930K/5752K, paused 19ms, total 19ms
11-23 22:49:58.716 I/eib.ModbusDev( 1033): ModbusDev[ 'outpu' ]: Cannot get ModBus Channel: Channel Factory is null!
11-23 22:49:58.716 I/eib.ModbusDev( 1033): ModbusDev[ 'gggg' ]: Cannot get ModBus Channel: Channel Factory is null!
11-23 22:49:58.716 I/eib.ModbusDev( 1033): ModbusDev[ 'ABB_meter' ]: Cannot get ModBus Channel: Channel Factory is null!
11-23 22:49:58.716 I/eib.ModbusDev( 1033): ModbusDev[ 'Gree' ]: Cannot get ModBus Channel: Channel Factory is null!
11-23 22:49:58.716 I/eib.ModbusDev( 1033): ModbusDev[ 'Light_box' ]: Cannot get ModBus Channel: failed to connect to /127.0.0.1 (port 1502): connect failed: ECONNREFUSED (Connection refused)
11-23 22:50:02.776 D/dalvikvm( 843): GC_CONCURRENT freed 605K, 15% free 4920K/5752K, paused 1ms+2ms, total 21ms
11-23 22:50:06.946 D/dalvikvm( 843): GC_CONCURRENT freed 598K, 15% free 4929K/5752K, paused 2ms+1ms, total 21ms
11-23 22:50:08.716 I/eib.ModbusDev( 1033): ModbusDev[ 'outpu' ]: Cannot get ModBus Channel: Channel Factory is null!
11-23 22:50:08.716 I/eib.ModbusDev( 1033): ModbusDev[ 'gggg' ]: Cannot get ModBus Channel: Channel Factory is null!
11-23 22:50:08.716 I/eib.ModbusDev( 1033): ModbusDev[ 'ABB_meter' ]: Cannot get ModBus Channel: Channel Factory is null!
11-23 22:50:08.716 I/eib.ModbusDev( 1033): ModbusDev[ 'Gree' ]: Cannot get ModBus Channel: Channel Factory is null!
11-23 22:50:08.716 I/eib.ModbusDev( 1033): ModbusDev[ 'Light_box' ]: Cannot get ModBus Channel: failed to connect to /127.0.0.1 (port 1502): connect failed: ECONNREFUSED (Connection refused)
11-23 22:50:10.686 D/KnxCtlCon( 1033): KNX.onReceiveRaw( 00 08 00 09 01 01 00 00 49 bc 11 15 07 0a e1 00 81 )
11-23 22:50:10.776 D/KnxCtlCon( 1033): KNX.onReceiveRaw( 00 08 00 09 01 01 00 00 49 bc 11 36 0f 03 e1 00 81 )
11-23 22:50:11.846 D/KnxCtlCon( 1033): KNX.onReceiveRaw( 00 08 00 09 01 01 00 00 49 bc 11 16 03 00 e1 00 80 )
11-23 22:50:11.936 D/KnxCtlCon( 1033): KNX.onReceiveRaw( 00 08 00 09 01 01 00 00 49 bc 11 34 0a 00 e1 00 80 )
11-23 22:50:11.976 D/dalvikvm( 843): GC_FOR_ALLOC freed 540K, 15% free 4929K/5736K, paused 18ms, total 18ms
11-23 22:50:15.946 D/ExtProc ( 843): execute: logcat -v time -t 200 *:D
11-23 22:50:15.976 D/dalvikvm( 843): GC_CONCURRENT freed 609K, 14% free 4934K/5736K, paused 1ms+1ms, total 28ms